{"id":323,"date":"2022-02-02T16:03:16","date_gmt":"2022-02-02T15:03:16","guid":{"rendered":"https:\/\/wp.chiemseedesign.de\/?page_id=323"},"modified":"2022-02-07T16:51:54","modified_gmt":"2022-02-07T15:51:54","slug":"startseite","status":"publish","type":"page","link":"https:\/\/www.chiemseedesign.de\/","title":{"rendered":"Willkommen"},"content":{"rendered":"<p style=\"text-align: center;\">Gerne gebe ich Ihnen Einblick in meine Arbeit der letzten 25 Jahre als Grafikdesignerin.<\/p>\n<p style=\"text-align: center;\">\u201cLiebe und Bem\u00fchen liegt in der Natur des Gestaltens!\u201d<br \/>\n\u2022<\/p>\n<hr \/>\n<h3 style=\"text-align: center;\">Kompetenzen von A &#8211; Z<\/h3>\n<hr \/>\n<p style=\"text-align: center;\">\u2022<\/p>\n<p style=\"text-align: center;\">Aussendungen | Autobeschriftungen | Banner | Bildredaktion | Briefpapiere | Brosch\u00fcren | B\u00fccher<br \/>\nCI-Entwicklung | Consulting | Couverts | Einladungskarten | Flyer | Faltbl\u00e4tter<br \/>\nGrafikproduktion | Grafikkonzeption | Gro\u00dfprints | Gesch\u00e4ftsausstattungen | Kalender | Kataloge<br \/>\nLogos | Mailings | Plakate | Postkarten | Projektleitung | Schilder | Schreibbl\u00f6cke | Social Media Kampagnen<br \/>\nRezeptbl\u00f6cke | Tafeln | Tapeten | Visitenkarten | Websites | Weihnachtsaktionen | Werbekonzepte<br \/>\n\u2022<br \/>\nInteraktive Pr\u00e4sentationen | Messest\u00e4nde<br \/>\n\u2022<\/p>\n<hr \/>\n<h3 style=\"text-align: center;\">Ich\u00a0 freue mich auf Ihre Projekte!<br \/>\n08662 &#8211; 668679<\/h3>\n","protected":false},"excerpt":{"rendered":"<p>Gerne gebe ich Ihnen Einblick in meine Arbeit der letzten 25 Jahre als Grafikdesignerin. \u201cLiebe und Bem\u00fchen liegt in der Natur des Gestaltens!\u201d \u2022 Kompetenzen von A &#8211; Z \u2022 Aussendungen | Autobeschriftungen | Banner | Bildredaktion | Briefpapiere | Brosch\u00fcren | B\u00fccher CI-Entwicklung | Consulting | Couverts | Einladungskarten | Flyer | Faltbl\u00e4tter Grafikproduktion | Grafikkonzeption | Gro\u00dfprints | Gesch\u00e4ftsausstattungen | Kalender | Kataloge Logos | Mailings | Plakate | Postkarten | Projektleitung | Schilder | Schreibbl\u00f6cke | Social Media Kampagnen Rezeptbl\u00f6cke | Tafeln | Tapeten | Visitenkarten | Websites | Weihnachtsaktionen | Werbekonzepte \u2022 Interaktive Pr\u00e4sentationen | Messest\u00e4nde \u2022 Ich\u00a0 freue mich auf Ihre Projekte! 08662 &#8211; 668679<\/p>\n","protected":false},"author":2,"featured_media":0,"parent":0,"menu_order":0,"comment_status":"closed","ping_status":"closed","template":"","meta":{"footnotes":""},"class_list":["post-323","page","type-page","status-publish","hentry"],"_links":{"self":[{"href":"https:\/\/www.chiemseedesign.de\/index.php?rest_route=\/wp\/v2\/pages\/323","targetHints":{"allow":["GET"]}}],"collection":[{"href":"https:\/\/www.chiemseedesign.de\/index.php?rest_route=\/wp\/v2\/pages"}],"about":[{"href":"https:\/\/www.chiemseedesign.de\/index.php?rest_route=\/wp\/v2\/types\/page"}],"author":[{"embeddable":true,"href":"https:\/\/www.chiemseedesign.de\/index.php?rest_route=\/wp\/v2\/users\/2"}],"replies":[{"embeddable":true,"href":"https:\/\/www.chiemseedesign.de\/index.php?rest_route=%2Fwp%2Fv2%2Fcomments&post=323"}],"version-history":[{"count":56,"href":"https:\/\/www.chiemseedesign.de\/index.php?rest_route=\/wp\/v2\/pages\/323\/revisions"}],"predecessor-version":[{"id":682,"href":"https:\/\/www.chiemseedesign.de\/index.php?rest_route=\/wp\/v2\/pages\/323\/revisions\/682"}],"wp:attachment":[{"href":"https:\/\/www.chiemseedesign.de\/index.php?rest_route=%2Fwp%2Fv2%2Fmedia&parent=323"}],"curies":[{"name":"wp","href":"https:\/\/api.w.org\/{rel}","templated":true}]}}